319760 and 80.
80
Calculate the greatest common factor of 13862 and 232.
58
Calculate the greatest common divisor of 2600 and 14456.
104
What is the greatest common factor of 13052 and 98894?
502
Calculate the greatest common factor of 3565 and 4370.
115
What is the greatest common factor of 10 and 146794?
2
What is the highest common factor of 10108 and 98?
14
Calculate the greatest common factor of 30199 and 24219.
299
What is the greatest common divisor of 84 and 10311?
21
Calculate the greatest common divisor of 1172 and 2188124.
1172
Calculate the highest common factor of 104 and 190073.
13
What is the highest common factor of 2753328 and 1368?
456
Calculate the highest common factor of 26 and 7939178.
26
Calculate the greatest common divisor of 55286 and 238.
14
Calculate the highest common divisor of 174 and 207814.
58
What is the greatest common factor of 12 and 244?
4
What is the highest common divisor of 10976 and 84?
28
Calculate the greatest common divisor of 348243 and 1035.
69
What is the greatest common divisor of 4848258 and 222?
222
What is the highest common divisor of 2072 and 81326?
518
Calculate the highest common factor of 21287 and 7.
7
Calculate the greatest common factor of 20263 and 529.
23
Calculate the highest common factor of 44 and 25014.
22
Calculate the highest common divisor of 1337 and 607571.
191
Calculate the greatest common factor of 7353 and 903.
129
Calculate the highest common factor of 1339 and 7931.
103
Calculate the greatest common factor of 57067 and 3447.
383
Calculate the greatest common factor of 1107 and 615.
123
What is the highest common factor of 65800 and 8?
8
Calculate the greatest common factor of 93 and 999347.
31
What is the greatest common factor of 204 and 146778?
102
What is the greatest common factor of 54931 and 7?
1
What is the greatest common divisor of 540 and 9180?
540
Calculate the greatest common factor of 112 and 1153600.
112
Calculate the highest common divisor of 90139 and 553.
553
Calculate the greatest common factor of 7192 and 7.
1
What is the greatest common factor of 113660 and 20?
20
Calculate the greatest common divisor of 1220 and 61915.
305
What is the greatest common factor of 3051 and 36?
9
What is the greatest common factor of 25730 and 11780?
310
What is the highest common factor of 310 and 46190?
310
What is the greatest common factor of 7039 and 1?
1
Calculate the highest common factor of 20 and 52368.
4
What is the greatest common factor of 1085196 and 12?
12
What is the highest common factor of 13205 and 285?
95
Calculate the highest common factor of 8 and 12863.
1
What is the highest common divisor of 12 and 29476?
4
What is the highest common factor of 647840 and 368?
16
What is the greatest common divisor of 13503 and 1092?
21
Calculate the highest common divisor of 963824 and 59.
59
What is the highest common divisor of 36 and 2125044?
36
Calculate the greatest common factor of 414 and 648954.
18
Calculate the highest common factor of 28786 and 778.
778
What is the greatest common factor of 227775 and 30?
15
Calculate the greatest common factor of 4748100 and 1140.
1140
What is the highest common factor of 829720 and 10?
10
What is the highest common factor of 4206 and 2754?
6
Calculate the highest common factor of 63869 and 9248.
289
Calculate the greatest common factor of 1295260 and 20.
20
Calculate the highest common divisor of 1400 and 87500.
700
What is the greatest common factor of 5013 and 144?
9
What is the greatest common divisor of 30785 and 188?
47
Calculate the greatest common factor of 24388 and 56.
28
Calculate the highest common divisor of 5724 and 108.
108
What is the greatest common factor of 2222 and 97970?
202
What is the highest common factor of 248 and 34441?
31
What is the highest common factor of 2757258 and 1108?
554
Calculate the greatest common divisor of 144 and 5197968.
144
Calculate the highest common factor of 1432843 and 10446.
1741
What is the greatest common factor of 1518104 and 280?
56
Calculate the highest common factor of 28326 and 6.
6
Calculate the greatest common factor of 1624 and 39179.
203
What is the highest common factor of 8175 and 72485?
545
Calculate the greatest common divisor of 2220 and 17464.
148
What is the greatest common divisor of 3800 and 26980?
380
What is the highest common divisor of 45396 and 36972?
468
What is the highest common factor of 144191 and 19?
19
What is the greatest common divisor of 1219 and 89729?
53
Calculate the greatest common divisor of 13135191 and 183.
183
Calculate the greatest common divisor of 12636 and 12324.
156
What is the greatest common factor of 206 and 937403?
103
Calculate the highest common factor of 4302 and 59750.
478
Calculate the highest common divisor of 3760 and 530.
10
Calculate the highest common divisor of 11 and 274483.
11
What is the greatest common divisor of 266 and 181678?
266
Calculate the highest common divisor of 257 and 906953.
257
What is the highest common factor of 25466 and 1071?
119
What is the greatest common divisor of 4964520 and 1980?
660
Calculate the greatest common factor of 896 and 37156.
28
Calculate the greatest common factor of 549 and 126453.
183
Calculate the highest common factor of 7 and 133469.
7
What is the greatest common factor of 343 and 9016?
49
Calculate the greatest common divisor of 1100 and 1309550.
550
Calculate the greatest common factor of 92502 and 351.
27
Calculate the greatest common factor of 123 and 400365.
123
Calculate the highest common divisor of 13 and 280631.
13
What is the greatest common factor of 19211 and 2?
1
Calculate the highest common divisor of 2152 and 24680.
8
What is the highest common divisor of 3289 and 54054?
143
Calculate the greatest common divisor of 1127 and 4577.
23
What is the highest common factor of 1141455 and 1323?
147
What is the greatest common divisor of 54 and 17838?
18
What is the highest common divisor of 16175 and 25?
25
Calculate the highest common divisor of 20 and 313210.
10
Calculate the greatest common factor of 1134 and 333942.
42
Calculate the highest common divisor of 16 and 4552.
8
Calculate the highest common divisor of 4257 and 347688.
99
What is the greatest common divisor of 143 and 103642?
11
Calculate the highest common divisor of 9 and 12003.
3
Calculate the highest common divisor of 204093 and 27.
27
Calculate the greatest common factor of 318 and 3018.
6
What is the highest common divisor of 1066 and 78?
26
What is the greatest common divisor of 58408 and 17248?
392
What is the greatest common factor of 234 and 100256?
26
What is the greatest common divisor of 39680 and 2080?
160
What is the greatest common factor of 177930 and 6480?
270
Calculate the highest common factor of 1099814 and 46.
46
Calculate the greatest common factor of 2672 and 41082.
334
What is the greatest common divisor of 264 and 75108?
132
What is the highest common divisor of 106658 and 544?
34
Calculate the greatest common divisor of 10 and 8016070.
10
Calculate the highest common factor of 145656 and 189.
63
What is the highest common factor of 18 and 38343?
3
What is the greatest common divisor of 69 and 499284?
69
Calculate the highest common divisor of 146150 and 2686.
158
Calculate the greatest common divisor of 2139 and 5175.
69
What is the greatest common divisor of 2055780 and 36?
36
What is the highest common factor of 762966 and 24282?
1278
What is the highest common divisor of 57400 and 3485?
205
Calculate the highest common divisor of 104 and 104544.
8
What is the highest common factor of 257 and 8756761?
257
What is the greatest common divisor of 525 and 18075?
75
What is the greatest common divisor of 30031 and 63366?
59
What is the greatest common divisor of 10700 and 5500?
100
Calculate the greatest common factor of 205 and 230.
5
What is the greatest common divisor of 50 and 286075?
25
Calculate the greatest common divisor of 236529 and 1107.
369
What is the highest common factor of 2291 and 34336?
29
Calculate the highest common factor of 1881695 and 274.
137
What is the highest common factor of 15 and 1277961?
3
What is the highest common factor of 447 and 1149684?
447
What is the highest common divisor of 32352 and 11458?
674
What is the highest common di